{"id":422,"date":"2026-02-17T10:22:56","date_gmt":"2026-02-17T09:22:56","guid":{"rendered":"https:\/\/gataca.de\/inside\/?page_id=422"},"modified":"2026-02-17T11:49:35","modified_gmt":"2026-02-17T10:49:35","slug":"agb","status":"publish","type":"page","link":"https:\/\/gataca.de\/inside\/agb\/","title":{"rendered":"AGB"},"content":{"rendered":"\t\t<div data-elementor-type=\"wp-page\" data-elementor-id=\"422\" class=\"elementor elementor-422\" data-elementor-post-type=\"page\">\n\t\t\t\t<div class=\"elementor-element elementor-element-0775f6d e-flex e-con-boxed e-con e-parent\" data-id=\"0775f6d\" data-element_type=\"container\" data-e-type=\"container\" data-settings=\"{&quot;background_background&quot;:&quot;classic&quot;}\">\n\t\t\t\t\t<div class=\"e-con-inner\">\n\t\t\t\t<div class=\"elementor-element elementor-element-1a85478 elementor-widget elementor-widget-heading\" data-id=\"1a85478\" data-element_type=\"widget\" data-e-type=\"widget\" data-widget_type=\"heading.default\">\n\t\t\t\t\t<h2 class=\"elementor-heading-title elementor-size-default\">Allgemeine Gesch\u00e4ftsbedingungen (AGB) der GATACA GmbH<\/h2>\t\t\t\t<\/div>\n\t\t\t\t<div class=\"elementor-element elementor-element-bbc4fa7 elementor-widget elementor-widget-button\" data-id=\"bbc4fa7\" data-element_type=\"widget\" data-e-type=\"widget\" data-widget_type=\"button.default\">\n\t\t\t\t\t\t\t\t\t\t<a class=\"elementor-button elementor-button-link elementor-size-sm\" href=\"#\">\n\t\t\t\t\t\t<span class=\"elementor-button-content-wrapper\">\n\t\t\t\t\t\t\t\t\t<span class=\"elementor-button-text\">Download<\/span>\n\t\t\t\t\t<\/span>\n\t\t\t\t\t<\/a>\n\t\t\t\t\t\t\t\t<\/div>\n\t\t\t\t\t<\/div>\n\t\t\t\t<\/div>\n\t\t<div class=\"elementor-element elementor-element-938b2c5 e-flex e-con-boxed e-con e-parent\" data-id=\"938b2c5\" data-element_type=\"container\" data-e-type=\"container\">\n\t\t\t\t\t<div class=\"e-con-inner\">\n\t\t\t\t<div class=\"elementor-element elementor-element-ce48147 elementor-widget elementor-widget-text-editor\" data-id=\"ce48147\" data-element_type=\"widget\" data-e-type=\"widget\" data-widget_type=\"text-editor.default\">\n\t\t\t\t\t\t\t\t\t<div class=\"container\"><h2 id=\"h-1-geltungsbereich-allgemeines\" class=\"wp-block-heading\">\u00a7 1<br \/>Geltungsbereich, Allgemeines<\/h2><\/div><div class=\"container\"><p>1.1. Diese AGB gelten f\u00fcr alle Lieferungen und Leistungen der GATACA GmbH<br \/>(im Folgenden \u201ewir\u201c oder \u201euns\u201c), insbesondere in den Bereichen:<br \/>\u25aa IT-Systemhaus-Dienstleistungen,<br \/>\u25aa Beratung und Consulting im Bereich Datenschutz und<br \/>Informationssicherheit, einschlie\u00dflich der Stellung eines externen<br \/>Datenschutz- oder Informationssicherheitsbeauftragten,<br \/>\u25aa Dienstleistungen als Werbeagentur, einschlie\u00dflich Konzeption, Design,<br \/>digitale Kampagnen und Drucksachen.<br \/>1.2. Abweichende, entgegenstehende oder erg\u00e4nzende Bedingungen des Kunden werden nur Vertragsbestandteil, wenn wir diesen ausdr\u00fccklich schriftlich zugestimmt haben.<br \/>1.3. Unsere AGB gelten sowohl f\u00fcr Unternehmer als auch Verbraucher, soweit nicht ausdr\u00fccklich unterschieden wird.<br \/>1.4. Alle fr\u00fcheren AGB werden durch diese ersetzt<\/p><\/div>\t\t\t\t\t\t\t\t<\/div>\n\t\t\t\t<div class=\"elementor-element elementor-element-8a848cc elementor-widget elementor-widget-text-editor\" data-id=\"8a848cc\" data-element_type=\"widget\" data-e-type=\"widget\" data-widget_type=\"text-editor.default\">\n\t\t\t\t\t\t\t\t\t<div class=\"container\"><div class=\"container\"><h2 id=\"h-2-vertragsschluss\" class=\"wp-block-heading\">\u00a7 2<br \/>Vertragsschluss<\/h2><\/div><div class=\"container\"><p>2.1. Unsere Angebote sind freibleibend und unverbindlich.<br \/>2.2. Ein Vertrag kommt erst durch unsere schriftliche Auftragsbest\u00e4tigung oder sp\u00e4testens mit der \u00dcbergabe der Ware bzw. Leistung zustande.<br \/>2.3. \u00c4nderungen und Erg\u00e4nzungen eines Vertrages bed\u00fcrfen der Schriftform.<br \/>2.4. Bei Dienstleistungen im Bereich Datenschutz und Informationssicherheit wird die Vertragsbeziehung durch gesonderte schriftliche Vereinbarungen erg\u00e4nzt, die diesen AGB untergeordnet sind.<\/p><\/div><\/div>\t\t\t\t\t\t\t\t<\/div>\n\t\t\t\t<div class=\"elementor-element elementor-element-b51084f elementor-widget elementor-widget-text-editor\" data-id=\"b51084f\" data-element_type=\"widget\" data-e-type=\"widget\" data-widget_type=\"text-editor.default\">\n\t\t\t\t\t\t\t\t\t<div class=\"container\"><div class=\"container\"><div class=\"container\"><h2 id=\"h-3-lieferzeit-und-lieferung\" class=\"wp-block-heading\">\u00a7 3<br \/>Lieferzeit und Lieferung<\/h2><\/div><div class=\"container\"><p>3.1. Lieferzeiten beginnen mit der Absendung der Auftragsbest\u00e4tigung, jedoch nicht vor Eingang einer vereinbarten Anzahlung oder der Bereitstellung aller erforderlichen Unterlagen, Informationen und Materialien durch den Kunden.<br \/>3.2. Teillieferungen sind zul\u00e4ssig, soweit diese dem Kunden zumutbar sind.<br \/>3.3. Lieferverz\u00f6gerungen aufgrund h\u00f6herer Gewalt oder unvorhersehbarer Ereignisse (z. B. Streik, Naturkatastrophen, beh\u00f6rdliche Anordnungen) berechtigen uns, die Lieferfrist um die Dauer der Behinderung zu verl\u00e4ngern.<br \/>3.4. Bei Drucksachen \u00fcbernehmen wir keine Haftung f\u00fcr Verz\u00f6gerungen, die durch unsere Partnerunternehmen verursacht werden.<br \/>3.5. Ist der Kunde mit der Annahme der Leistung oder Lieferung in Verzug, geht die Gefahr des zuf\u00e4lligen Untergangs oder der Verschlechterung auf den Kunden \u00fcber.<\/p><\/div><\/div><\/div>\t\t\t\t\t\t\t\t<\/div>\n\t\t\t\t<div class=\"elementor-element elementor-element-b0ad59f elementor-widget elementor-widget-text-editor\" data-id=\"b0ad59f\" data-element_type=\"widget\" data-e-type=\"widget\" data-widget_type=\"text-editor.default\">\n\t\t\t\t\t\t\t\t\t<div class=\"container\"><div class=\"container\"><div class=\"container\"><div class=\"container\"><h2 id=\"h-4-abnahme-und-gefahrubergang\" class=\"wp-block-heading\">\u00a7 4<br \/>Abnahme und Gefahr\u00fcbergang<\/h2><\/div><div class=\"container\"><p>4.1. Der Kunde ist verpflichtet, unsere Leistungen und Lieferungen unverz\u00fcglich abzunehmen.<br \/>4.2. Die Gefahr des Untergangs oder der Verschlechterung der Ware geht mit \u00dcbergabe an den Kunden oder den Transportdienstleister \u00fcber.<br \/>4.3. F\u00fcr Drucksachen hat der Kunde die von uns bereitgestellten Korrekturabz\u00fcge sorgf\u00e4ltig zu pr\u00fcfen. Nach Freigabe haften wir nicht f\u00fcr Fehler, die in den freigegebenen Dokumenten enthalten sind.<\/p><\/div><\/div><\/div><\/div>\t\t\t\t\t\t\t\t<\/div>\n\t\t\t\t<div class=\"elementor-element elementor-element-a87419c elementor-widget elementor-widget-text-editor\" data-id=\"a87419c\" data-element_type=\"widget\" data-e-type=\"widget\" data-widget_type=\"text-editor.default\">\n\t\t\t\t\t\t\t\t\t<div class=\"container\"><div class=\"container\"><div class=\"container\"><div class=\"container\"><div class=\"container\"><h2 id=\"h-5-preise-und-zahlungsbedingungen\" class=\"wp-block-heading\">\u00a7 5<br \/>Preise und Zahlungsbedingungen<\/h2><\/div><div class=\"container\"><p>5.1. Unsere Preise verstehen sich, sofern nicht anders angegeben, netto zuz\u00fcglich der gesetzlichen Umsatzsteuer.<br \/>5.2. Rechnungen sind sp\u00e4testens innerhalb von 7 Tagen nach Rechnungsdatum ohne Abzug zur Zahlung f\u00e4llig.<br \/>5.3. Eine Zahlung gilt erst als erfolgt, wenn der Betrag auf unserem Konto gutgeschrieben wurde.<br \/>5.4. Der Kunde ist zur Aufrechnung oder Zur\u00fcckbehaltung nur berechtigt, wenn seine Gegenanspr\u00fcche rechtskr\u00e4ftig festgestellt, unbestritten oder von uns anerkannt wurden.<br \/>5.5. Kommt der Kunde in Zahlungsverzug, berechnen wir Verzugszinsen in gesetzlicher H\u00f6he. Weitergehende Anspr\u00fcche bleiben unber\u00fchrt.<\/p><\/div><\/div><\/div><\/div><\/div>\t\t\t\t\t\t\t\t<\/div>\n\t\t\t\t<div class=\"elementor-element elementor-element-46a358b elementor-widget elementor-widget-text-editor\" data-id=\"46a358b\" data-element_type=\"widget\" data-e-type=\"widget\" data-widget_type=\"text-editor.default\">\n\t\t\t\t\t\t\t\t\t<div class=\"container\"><div class=\"container\"><div class=\"container\"><div class=\"container\"><div class=\"container\"><div class=\"container\"><h2 id=\"h-5a-abrechnungsmodalitaten-bei-leistungen-und-bestellungen\" class=\"wp-block-heading\">\u00a7 5a<br \/>Abrechnungsmodalit\u00e4ten bei Leistungen und Bestellungen<\/h2><\/div><div class=\"container\"><p>5a.1. Die Abrechnung von Dienstleistungen und Bestellungen erfolgt regelm\u00e4\u00dfig zum 1. und 15. eines Monats. In Rechnung gestellt werden alle bis zu diesem Zeitpunkt erbrachten Leistungen sowie innerhalb<br \/>dieses Zeitraums ausgel\u00f6ste Bestellungen \u2013 unabh\u00e4ngig davon, ob das jeweilige Projekt abgeschlossen oder die Ware bereits ausgeliefert wurde.<br \/>5a.2. F\u00fcr Kunden mit Flatrate-Vertrag im Bereich IT-Systemhaus gilt:<br \/>Die monatliche Flatrategeb\u00fchr wird jeweils zum 1. eines Monats im Voraus berechnet und deckt s\u00e4mtliche technischen Dienstleistungen vollst\u00e4ndig ab. Weitere Kosten f\u00fcr Arbeitszeit fallen nicht an.<br \/>5a.3. F\u00fcr Kunden mit Flatrate-Vertrag im Bereich Kreativlabor gilt:<br \/>Die monatliche Basisgeb\u00fchr von 240 \u20ac beinhaltet vier Stunden Agenturleistungen. Dar\u00fcber hinausgehende Leistungen werden nach tats\u00e4chlichem Aufwand berechnet \u2013 jedoch nur bis zu einem<br \/>monatlichen H\u00f6chstbetrag von 1.950 \u20ac pro Monat. Alle \u00fcber diesen Betrag hinausgehenden Dienstleistungen sind kostenfrei. Auf Wunsch stellen wir w\u00f6chentliche Leistungsberichte \u00fcber die erbrachten Stunden zur Verf\u00fcgung. Die Flatrate ist monatlich mit einer Frist von zwei Wochen zum Monatsende k\u00fcndbar.<br \/>5a.4. Abweichende Vereinbarungen zu Abrechnungszeitr\u00e4umen oder Leistungsumf\u00e4ngen bed\u00fcrfen der schriftlichen Form.<\/p><\/div><\/div><\/div><\/div><\/div><\/div>\t\t\t\t\t\t\t\t<\/div>\n\t\t\t\t<div class=\"elementor-element elementor-element-c064b53 elementor-widget elementor-widget-text-editor\" data-id=\"c064b53\" data-element_type=\"widget\" data-e-type=\"widget\" data-widget_type=\"text-editor.default\">\n\t\t\t\t\t\t\t\t\t<div class=\"container\"><div class=\"container\"><div class=\"container\"><div class=\"container\"><div class=\"container\"><div class=\"container\"><div class=\"container\"><h2 id=\"h-6-eigentumsvorbehalt\" class=\"wp-block-heading\">\u00a7 6<br \/>Eigentumsvorbehalt<\/h2><\/div><div class=\"container\"><p>6.1. Wir behalten uns das Eigentum an s\u00e4mtlichen gelieferten Waren bis zur vollst\u00e4ndigen Bezahlung aller Forderungen vor.<br \/>6.2. Der Kunde ist verpflichtet, Vorbehaltsware pfleglich zu behandeln und uns bei Zugriffen Dritter<br \/>(z. B. Pf\u00e4ndungen) unverz\u00fcglich zu benachrichtigen.<\/p><\/div><\/div><\/div><\/div><\/div><\/div><\/div>\t\t\t\t\t\t\t\t<\/div>\n\t\t\t\t<div class=\"elementor-element elementor-element-46dd3f6 elementor-widget elementor-widget-text-editor\" data-id=\"46dd3f6\" data-element_type=\"widget\" data-e-type=\"widget\" data-widget_type=\"text-editor.default\">\n\t\t\t\t\t\t\t\t\t<div class=\"container\"><div class=\"container\"><div class=\"container\"><div class=\"container\"><div class=\"container\"><div class=\"container\"><div class=\"container\"><div class=\"container\"><h2 id=\"h-7-gewahrleistung-und-haftung\" class=\"wp-block-heading\">\u00a7 7<br \/>Gew\u00e4hrleistung und Haftung<\/h2><\/div><div class=\"container\"><p>7.1. M\u00e4ngelr\u00fcgen sind unverz\u00fcglich schriftlich anzuzeigen.<br \/>7.2. Bei berechtigten M\u00e4ngeln leisten wir nach unserer Wahl Nachbesserung oder Ersatz.<br \/>7.3. Unsere Haftung ist \u2013 soweit gesetzlich zul\u00e4ssig \u2013 auf Vorsatz und grobe Fahrl\u00e4ssigkeit beschr\u00e4nkt.<br \/>7.4. F\u00fcr Drucksachen \u00fcbernehmen wir keine Haftung f\u00fcr Fehler, die auf unvollst\u00e4ndigen oder fehlerhaften Angaben des Kunden basieren.<br \/>7.5. F\u00fcr Beratungsdienstleistungen \u00fcbernehmen wir keine Haftung f\u00fcr die rechtliche oder beh\u00f6rdliche Anerkennung empfohlener Ma\u00dfnahmen.<br \/>7.6. Unsere Haftung f\u00fcr Datenverlust beschr\u00e4nkt sich auf die Wiederherstellung von Daten, die der Kunde ordnungsgem\u00e4\u00df gesichert hat.<\/p><\/div><\/div><\/div><\/div><\/div><\/div><\/div><\/div>\t\t\t\t\t\t\t\t<\/div>\n\t\t\t\t<div class=\"elementor-element elementor-element-b9fcb64 elementor-widget elementor-widget-text-editor\" data-id=\"b9fcb64\" data-element_type=\"widget\" data-e-type=\"widget\" data-widget_type=\"text-editor.default\">\n\t\t\t\t\t\t\t\t\t<div class=\"container\"><div class=\"container\"><div class=\"container\"><div class=\"container\"><div class=\"container\"><div class=\"container\"><div class=\"container\"><div class=\"container\"><div class=\"container\"><h2 id=\"h-8-besondere-bedingungen-fur-datenschutz-und-informationssicherheitsdienstleistungen\" class=\"wp-block-heading\">\u00a7 8<br \/>Besondere Bedingungen f\u00fcr Datenschutz- und<br \/>Informationssicherheitsdienstleistungen<\/h2><\/div><div class=\"container\"><p>8.1. Unsere Dienstleistungen in diesen Bereichen erfolgen nach den jeweils geltenden gesetzlichen Vorgaben.<br \/>8.2. Wir \u00fcbernehmen keine Haftung f\u00fcr Verst\u00f6\u00dfe des Kunden gegen datenschutzrechtliche oder informationssicherheitsbezogene Vorschriften.<br \/>8.3. Unsere Stellungnahmen und Empfehlungen stellen keine rechtliche Beratung dar.<\/p><\/div><\/div><\/div><\/div><\/div><\/div><\/div><\/div><\/div>\t\t\t\t\t\t\t\t<\/div>\n\t\t\t\t<div class=\"elementor-element elementor-element-bca8fa3 elementor-widget elementor-widget-text-editor\" data-id=\"bca8fa3\" data-element_type=\"widget\" data-e-type=\"widget\" data-widget_type=\"text-editor.default\">\n\t\t\t\t\t\t\t\t\t<div class=\"container\"><div class=\"container\"><div class=\"container\"><div class=\"container\"><div class=\"container\"><div class=\"container\"><div class=\"container\"><div class=\"container\"><div class=\"container\"><div class=\"container\"><h2 id=\"h-9-besondere-bedingungen-fur-werbeagentur-dienstleistungen\" class=\"wp-block-heading\">\u00a7 9<br \/>Besondere Bedingungen f\u00fcr Werbeagentur-Dienstleistungen<\/h2><\/div><div class=\"container\"><p>9.1. Designs, Konzepte und andere kreative Leistungen bleiben bis zur vollst\u00e4ndigen Bezahlung unser Eigentum.<br \/>9.2. Der Kunde haftet daf\u00fcr, dass bereitgestellte Inhalte (z. B. Bilder, Texte) frei von Rechten Dritter sind.<br \/>9.3. Wir haften nicht f\u00fcr die rechtliche Zul\u00e4ssigkeit der durch uns gestalteten Inhalte.<br \/>9.4. \u00c4nderungen oder Weiterverwendungen der gelieferten Leistungen bed\u00fcrfen unserer Zustimmung.<\/p><\/div><\/div><\/div><\/div><\/div><\/div><\/div><\/div><\/div><\/div>\t\t\t\t\t\t\t\t<\/div>\n\t\t\t\t<div class=\"elementor-element elementor-element-1a49751 elementor-widget elementor-widget-text-editor\" data-id=\"1a49751\" data-element_type=\"widget\" data-e-type=\"widget\" data-widget_type=\"text-editor.default\">\n\t\t\t\t\t\t\t\t\t<div class=\"container\"><div class=\"container\"><div class=\"container\"><div class=\"container\"><div class=\"container\"><div class=\"container\"><div class=\"container\"><div class=\"container\"><div class=\"container\"><div class=\"container\"><div class=\"container\"><h2 id=\"h-10-besondere-bedingungen-fur-drucksachen\" class=\"wp-block-heading\">\u00a7 10<br \/>Besondere Bedingungen f\u00fcr Drucksachen<\/h2><\/div><div class=\"container\"><p>10.1. Wir handeln als Vermittler zwischen Kunden und Druckpartnern.<br \/>10.2. Nach Freigabe durch den Kunden haften wir nicht f\u00fcr Fehler, die in den Druckdaten enthalten sind.<br \/>10.3. Lieferverz\u00f6gerungen, die durch den Druckpartner verursacht werden, liegen au\u00dferhalb unserer Haftung.<\/p><\/div><\/div><\/div><\/div><\/div><\/div><\/div><\/div><\/div><\/div><\/div>\t\t\t\t\t\t\t\t<\/div>\n\t\t\t\t<div class=\"elementor-element elementor-element-6bde31c elementor-widget elementor-widget-text-editor\" data-id=\"6bde31c\" data-element_type=\"widget\" data-e-type=\"widget\" data-widget_type=\"text-editor.default\">\n\t\t\t\t\t\t\t\t\t<div class=\"container\"><div class=\"container\"><div class=\"container\"><div class=\"container\"><div class=\"container\"><div class=\"container\"><div class=\"container\"><div class=\"container\"><div class=\"container\"><div class=\"container\"><div class=\"container\"><div class=\"container\"><h2 id=\"h-11-anwendbares-recht-und-gerichtsstand\" class=\"wp-block-heading\">\u00a7 11<br \/>Anwendbares Recht und Gerichtsstand<\/h2><\/div><div class=\"container\"><p>11.1. Es gilt ausschlie\u00dflich deutsches Recht. Die Anwendung des UN-Kaufrechts ist ausgeschlossen.<br \/>11.2. Erf\u00fcllungsort und Gerichtsstand ist, sofern der Kunde Kaufmann ist, Villingen-Schwenningen.<\/p><\/div><\/div><\/div><\/div><\/div><\/div><\/div><\/div><\/div><\/div><\/div><\/div>\t\t\t\t\t\t\t\t<\/div>\n\t\t\t\t<div class=\"elementor-element elementor-element-8e4ef10 elementor-widget elementor-widget-text-editor\" data-id=\"8e4ef10\" data-element_type=\"widget\" data-e-type=\"widget\" data-widget_type=\"text-editor.default\">\n\t\t\t\t\t\t\t\t\t<div class=\"container\"><div class=\"container\"><div class=\"container\"><div class=\"container\"><div class=\"container\"><div class=\"container\"><div class=\"container\"><div class=\"container\"><div class=\"container\"><div class=\"container\"><div class=\"container\"><div class=\"container\"><div class=\"container\"><h2 id=\"h-12-anwendbares-recht-und-gerichtsstand\" class=\"wp-block-heading\">\u00a7 12<br \/>Anwendbares Recht und Gerichtsstand<\/h2><\/div><div class=\"container\"><p>12.1. Sollten einzelne Bestimmungen dieser AGB unwirksam sein, bleibt die Wirksamkeit der \u00fcbrigen Bestimmungen unber\u00fchrt.<br \/>12.2. \u00c4nderungen oder Erg\u00e4nzungen dieser AGB bed\u00fcrfen der Schriftform.<\/p><\/div><\/div><\/div><\/div><\/div><\/div><\/div><\/div><\/div><\/div><\/div><\/div><\/div>\t\t\t\t\t\t\t\t<\/div>\n\t\t\t\t<div class=\"elementor-element elementor-element-f58f9d6 elementor-widget elementor-widget-text-editor\" data-id=\"f58f9d6\" data-element_type=\"widget\" data-e-type=\"widget\" data-widget_type=\"text-editor.default\">\n\t\t\t\t\t\t\t\t\t<div class=\"container\"><div class=\"container\"><div class=\"container\"><div class=\"container\"><div class=\"container\"><div class=\"container\"><div class=\"container\"><div class=\"container\"><div class=\"container\"><div class=\"container\"><div class=\"container\"><div class=\"container\"><div class=\"container\"><p id=\"h-12-anwendbares-recht-und-gerichtsstand\" class=\"wp-block-heading\">Stand: 22.03.2025<\/p><\/div><\/div><\/div><\/div><\/div><\/div><\/div><\/div><\/div><\/div><\/div><\/div><\/div>\t\t\t\t\t\t\t\t<\/div>\n\t\t\t\t\t<\/div>\n\t\t\t\t<\/div>\n\t\t\t\t<\/div>\n\t\t","protected":false},"excerpt":{"rendered":"<p>Allgemeine Gesch\u00e4ftsbedingungen (AGB) der GATACA GmbH Download \u00a7 1Geltungsbereich, Allgemeines 1.1. Diese AGB gelten f\u00fcr alle Lieferungen und Leistungen der GATACA GmbH(im Folgenden \u201ewir\u201c oder \u201euns\u201c), insbesondere in den Bereichen:\u25aa IT-Systemhaus-Dienstleistungen,\u25aa Beratung und Consulting im Bereich Datenschutz undInformationssicherheit, einschlie\u00dflich der Stellung eines externenDatenschutz- oder Informationssicherheitsbeauftragten,\u25aa Dienstleistungen als Werbeagentur, einschlie\u00dflich Konzeption, Design,digitale Kampagnen und Drucksachen.1.2. Abweichende, [&hellip;]<\/p>\n","protected":false},"author":21,"featured_media":0,"parent":0,"menu_order":0,"comment_status":"closed","ping_status":"closed","template":"","meta":{"footnotes":""},"class_list":["post-422","page","type-page","status-publish","hentry"],"aioseo_notices":[],"_links":{"self":[{"href":"https:\/\/gataca.de\/inside\/wp-json\/wp\/v2\/pages\/422","targetHints":{"allow":["GET"]}}],"collection":[{"href":"https:\/\/gataca.de\/inside\/wp-json\/wp\/v2\/pages"}],"about":[{"href":"https:\/\/gataca.de\/inside\/wp-json\/wp\/v2\/types\/page"}],"author":[{"embeddable":true,"href":"https:\/\/gataca.de\/inside\/wp-json\/wp\/v2\/users\/21"}],"replies":[{"embeddable":true,"href":"https:\/\/gataca.de\/inside\/wp-json\/wp\/v2\/comments?post=422"}],"version-history":[{"count":11,"href":"https:\/\/gataca.de\/inside\/wp-json\/wp\/v2\/pages\/422\/revisions"}],"predecessor-version":[{"id":1015,"href":"https:\/\/gataca.de\/inside\/wp-json\/wp\/v2\/pages\/422\/revisions\/1015"}],"wp:attachment":[{"href":"https:\/\/gataca.de\/inside\/wp-json\/wp\/v2\/media?parent=422"}],"curies":[{"name":"wp","href":"https:\/\/api.w.org\/{rel}","templated":true}]}}